39*y - 4. Calculate j(m).
35
Suppose -t + 1166 = 3*l, 10 = 2*t + 3*t. Let u = l - 381. Let o(x) = x**3 - 6*x**2 - 7*x - 2. Calculate o(u).
-2
Let m(f) = -22*f - 57 + 9 - 13*f**2 + 37 + 9. What is m(-2)?
-10
Let v(o) = -o**2 - o + 8. Let w(t) = -54*t**2 + 19*t - 2. Let s be w(2). Let c = s - -180. What is v(c)?
8
Let r(g) = g**3 - 10*g**2 + 9*g + 4. Let s(c) = -69*c + 2. Let u be s(1). Let k = -48 - u. Suppose 2*o = 3*a + 7 + 17, o - k = 5*a. What is r(o)?
4
Let b(a) be the second derivative of -a**5/20 - 3*a**4/4 - 4*a**3/3 + 3*a**2/2 + 16*a + 3. Let s = 2 - 10. Let y be b(s). Let q(u) = -5*u + 1. What is q(y)?
-14
Suppose 3*p - 8 = p. Suppose s + 15 = 3*v + p*s, 2*v - 4*s - 16 = 0. Let r(u) = 1 - v + 1 - 8 - u. Determine r(-11).
-1
Let s(y) be the third derivative of -17*y**6/40 - y**5/60 + y**4/24 + y**3/6 - 138*y**2 + y. Calculate s(1).
-50
Let a(y) be the second derivative of y**5/20 - y**3/2 + 3*y**2/2 - y. Let j = -222 + 219. What is a(j)?
-15
Let d be 174/(-36) - 1/6. Let x(s) = -4*s - 28. Let c be x(d). Let w(u) = u**3 + 8*u**2 - 2. Determine w(c).
-2
Let c = -9 + 11. Suppose 6*l = c*l. Let g(a) be the first derivative of a**3/3 - a**2/2 + 6*a - 614. Give g(l).
6
Let x(h) be the first derivative of 2*h**2 - h - 2. Let m = 25 + -16. Suppose -m*d + 10*d = 3. Calculate x(d).
11
Let u(d) = -d. Let k = -3 + 41. Suppose a - 12 = -w, w - k = -2*w - 4*a. Suppose -l = -2*n + 4*l + 15, 3*n + 5*l = w. What is u(n)?
-5
Let n be 1 - (36/(-30))/((-3)/(-15)). Let y(o) = -o**2 + 8*o + 7. Let x be y(n). Let i(d) = d**2 - 13*d - 13. Determine i(x).
1
Let z(x) = 7 + 8 + 0 + x - x**2. Let c be 0*(-8)/6*(-8)/(-32). Suppose -23*j + 16*j = c. Give z(j).
15
Let q(b) = -111*b + 522. Let w(a) = -211*a + 520. Let i(f) = -3*q(f) + 2*w(f). Calculate i(-6).
8
Suppose 1519*r - 75 = 1534*r. Let h(t) = 5*t**2 - 11 - 4*t + t**3 + 11. Determine h(r).
20
Let d(t) = 5*t - 1. Let k(u) = 4*u. Let v(r) = 3*d(r) - 2*k(r). Let p(y) = -54*y + 272. Let i be p(5). Determine v(i).
11
Let r(a) be the second derivative of a**3/3 + 7*a**2/2 - 341*a + 5. What is r(1)?
9
Let p(q) = -19*q**2 - 7 + 7*q + 18*q**2 - 4*q. Let w(x) = -x**3 + x**2 + 3*x + 3. Let y be w(2). What is p(y)?
-17
Let h(u) = u - 3. Let f = -85 + 94. Let l = 45 + f. Let w = l - 49. Determine h(w).
2
Let b = -5869 + 5879. Let c(n) = -n - 18. What is c(b)?
-28
Let n(y) = -y**3 + 14*y**2 - 73*y + 587. Let k be n(12). Let i(s) = 5*s**2 - 2*s**2 + 13*s**3 + 2*s + 1 + 2*s**2 - 3*s**2. Calculate i(k).
-12
Let t(s) = -s - 14. Let h be t(-9). Let w(i) be the first derivative of -i**3/3 - 3*i**2/2 - 2*i + 37578. Determine w(h).
-12
Let v(t) = -t**2 - 19*t + 71. Let w be v(-22). Suppose 3*p - 2 = f, -17 = 5*p + w*f + 13. Let b(g) = -25*g**2 + 2*g + 1. Determine b(p).
-26
Let i(q) = q**2 + q + 18. Let y(g) = -2*g**2 - g - 36. Let f(d) = -13*i(d) - 6*y(d). Suppose 27*t - 38*t = 55. Calculate f(t).
-8
Let i(f) = -f**3 - 8*f**2 - 8*f + 26. Suppose -97*q - 377 = 34 + 171. Calculate i(q).
2
Suppose -5*v + 5*d = -80 + 30, 40 = 3*v - 5*d. Let i(x) = 2*x + 2. Suppose 0*r = 6*r - 18. Let c(q) = -6*q - 7. Let z(t) = r*c(t) + 8*i(t). Determine z(v).
-15
Suppose 2*w + 59*i + 6 = 57*i, 4*i + 28 = 0. Let f(j) = j**3 - 3*j**2 + 2*j - 3. Calculate f(w).
21
Let z be ((-4 - -2) + 1)/3*21. Let o(s) = 8*s**2 + 20*s - 2. Let u(d) = 7*d**2 + 18*d - 1. Let h(i) = -6*o(i) + 7*u(i). Calculate h(z).
12
Let s(o) be the second derivative of 3*o**3/2 - 199*o**2/2 - 4*o - 9. Let x be s(21). Let q(g) = -g**3 - 9*g**2 + 9*g - 5. Determine q(x).
5
Suppose 4*z + 3*t + 1 = 0, 3*z = -2*t - t + 3. Let w(d) = 5*d**2 + d + 4. Calculate w(z).
80
Let y(s) = 17*s - 15. Let g(w) = -w**2 - 3*w + 1. Let h(l) = 2*g(l) + y(l). Give h(7).
-34
Let m(r) = 10*r - 14. Let i(b) = -29*b**2 - 60*b + 2. Let s be i(-2). Give m(s).
46
Let t be 500/(-100) - -2*(-18)/(-4). Let m(o) = 3*o**2 + 7*o - 39. What is m(t)?
37
Let d(b) = 190*b - 395*b + 210*b + 37. Let n be -8 + (-2)/1 + 3/1. Calculate d(n).
2
Let x(h) = 19*h**2 + 2*h. Let c be 6 + (-2 - -4) + -19 + 13. Determine x(c).
80
Let v be ((-85)/85)/((-2)/14). Let a(b) = -5 + 9*b - 5 - 15*b - b**2 + 16*b. Determine a(v).
11
Let n be ((-3)/(-2))/((-5)/30). Let v(d) be the second derivative of -d**5/20 - 3*d**4/4 - d**3/6 - 5*d**2/2 - 1844*d. Determine v(n).
4
Let h(v) = -3*v + 9. Suppose 2*r + 2*a = 18, -4*a - 114 + 138 = 2*r. Give h(r).
-9
Let l(b) be the first derivative of -b**6/180 - 37*b**3 - 48. Let x(o) be the third derivative of l(o). Give x(-3).
-18
Let p(y) = -19*y + 33. Suppose -23*r = -4*c - 19*r + 40, -2*r + 36 = 5*c. Let i(w) = -7*w + 12. Let u(l) = c*i(l) - 3*p(l). Give u(-2).
-5
Let x(i) be the second derivative of 20*i**3/3 + 221*i**2/2 - 15515*i. Determine x(-5).
21
Suppose -6*v = -181 - 65. Let f = -40 + v. Let d(q) be the second derivative of 2*q**5/5 - q**4/12 - q. Determine d(f).
7
Let u(y) = 11*y**2 - 21*y + 35. Let c(h) = 2*h**2 - 4*h + 6. Let i(j) = -34*c(j) + 6*u(j). Determine i(5).
6
Let h(r) = -21 - 5*r - 14 - 20 - 18 + 74. Let l(b) = -b - 6. Let v be l(-8). Calculate h(v).
-9
Let o(q) be the second derivative of -19*q**4/12 - q**3/6 + q**2/2 + 494*q. Suppose -2*m - 4 = 5*c + 1, c = m + 6. Calculate o(c).
-19
Let s(n) be the third derivative of -n**5/20 - n**4/12 + n**3/6 - 1746*n**2. Suppose -k + 28 = 3*k. Let c(r) = r - 6. Let u be c(k). Determine s(u).
-4
Let m = 0 + -2. Suppose 0 = -179*p + 217*p + 228. Let j be m - -6*(-1 + 4)/p. Let l(k) = k**2 + 11*k + 4. Determine l(j).
-26
Suppose 0 = 6*n - 1 + 195 - 20. Let x(u) = u + 17. Calculate x(n).
-12
Suppose 0 = 25*f + 17*f + 44*f - 946. Let k(d) = d**3 - 8*d**2 - 38*d + 48. What is k(f)?
-7
Let s(h) = h**3 - 6*h**2 - 3*h + 15. Let n be s(6). Let p be (-26)/(-14) - (-2)/((-42)/n). Let l(t) = -4 - t - p + t**2 + 4 + 2*t. Give l(0).
-2
Let b(q) = 2*q + 14. Let x be b(9). Suppose -x + 22 = 5*i. Let k be 1 + (21/9 - i/(-6)). Let h(t) = -2*t + 4. Give h(k).
-2
Let i(g) = -3 + 7 + g**3 - g**2 - 2 - 3 - 4*g. Suppose 5*p + 2*o = 29, 11 = -4*p + 4*o - 5. Determine i(p).
5
Suppose 4*u = 103 - 123. Let y(h) = -7*h - 6. Give y(u).
29
Let q(y) be the first derivative of 31*y**2/2 - 23*y + 6713. What is q(4)?
101
Suppose -3*h + 0*h = -5*h. Let j(z) = -407 + z**2 + h*z**2 + 414. What is j(0)?
7
Let v(x) = -x**3 - 3*x**2 - x + 1. Let b = 191 - 184. Suppose -b*q = 28 - 14. Calculate v(q).
-1
Let u(s) be the third derivative of 13*s**6/120 - s**5/60 - s**4/24 + s**3/6 - 22*s**2. Let z(d) = 35*d + 246. Let p be z(-7). What is u(p)?
12
Suppose -44*d - 4*h + 59 = -49*d, h - 6 = 0. Let l(o) = -8*o - 10 + 0*o**2 - 2*o**2 + o**2. Determine l(d).
-3
Suppose -8*n = -7*n - 4. Let d be ((-80)/(-12))/n*3. Suppose 63 = 2*m + d*m. Let v(c) = c**3 - 10*c**2 + 8*c + 7. Calculate v(m).
-2
Let v = -6 - 1. Let j(k) = -1. Let y(m) = -4*m - 8. Let x(b) = -3*j(b) - y(b). Let u(s) = s + 2. Let f(o) = 6*u(o) - 2*x(o). Calculate f(v).
4
Let w = 297 - 295. Let f(k) = -11 - 167*k - 169*k + k**w + 342*k. Give f(-9).
16
Let k(d) be the third derivative of -d**5/60 + 4*d**4/3 - 75*d**3/2 - 5*d**2 + 3*d - 27. What is k(21)?
6
Let a(u) = -u**2 + 5*u - 4. Let k = -601 - -655. Let z(t) = -13*t**2 - 2*t - 3. Let g be z(-2). Let w = g + k. Calculate a(w).
2
Let d(h) = 8 - 1190*h**2 - 7 + 1189*h**2 + h - 3. Calculate d(2).
-4
Let u be (5/(-3))/(10/(-30)). Let q(v) be the second derivative of -v**3/6 + 5*v**2/2 + 2982*v. Determine q(u).
0
Let r(y) be the first derivative of y**2/2 + 6*y - 128. Let g be (-355)/35 + -1 + 8/7. Give r(g).
-4
Let z(b) = b**2 + 21*b + 20. Let r = -2010 + 1990. Give z(r).
0
Let t(v) = v + 5 + 12*v**2 - 32*v**2 + 4 + 10*v**2 + 9*v**2. Suppose g + 12 = -3*j, -4*j + 5*j = -4. What is t(g)?
9
Let x(v) = 69*v**2 + 9*v - 19. Let h(m) = -31*m**2 - 4*m + 9. Let b(i) = 9*h(i) + 4*x(i). Calculate b(2).
-7
Let y = 34 + -97. Let c = y - -71. Let h(u) = u**2 - u + 1. Let z(g) = 6*g**2 - 14*g + 1. Let q(r) = -5*h(r) + z(r). Calculate q(c).
-12
Let m = -347 - -355. Suppose 0 = c - 2, 25 + 0 = 3*g + 5*c. Let d(p) = -p + 6 + 2 + g. Calculate d(m).
5
Let m(l) = 5*l**2 - 7*l. Let c(f) = -4*f**2 + 6*f + 1. Let n(z) = 4*c(z) + 3*m(z). Let y be 2/(-5)*(21045/46)/(-61). Calculate n(y).
4
Let n = -139 + 160. Suppose -22 = n*o + o. Let a be (-2 - o)*14/7. Let u(j) = 4*j**2 + j. Calculate u(a).
14
Let y(f) 